the prime factors of 29592?
2, 3, 137
What are the prime factors of 616?
2, 7, 11
List the prime factors of 1152.
2, 3
List the prime factors of 79555.
5, 7, 2273
List the prime factors of 53927.
53927
List the prime factors of 6.
2, 3
List the prime factors of 7211.
7211
What are the prime factors of 5546?
2, 47, 59
List the prime factors of 1010.
2, 5, 101
List the prime factors of 18144.
2, 3, 7
What are the prime factors of 7988?
2, 1997
What are the prime factors of 2221?
2221
List the prime factors of 2859.
3, 953
What are the prime factors of 6214?
2, 13, 239
What are the prime factors of 689?
13, 53
What are the prime factors of 1356?
2, 3, 113
List the prime factors of 2552.
2, 11, 29
What are the prime factors of 1649?
17, 97
List the prime factors of 64350.
2, 3, 5, 11, 13
What are the prime factors of 52078?
2, 13, 2003
List the prime factors of 156.
2, 3, 13
What are the prime factors of 26531?
43, 617
List the prime factors of 838.
2, 419
What are the prime factors of 404?
2, 101
List the prime factors of 7380.
2, 3, 5, 41
What are the prime factors of 965?
5, 193
List the prime factors of 3658.
2, 31, 59
What are the prime factors of 6559?
7, 937
List the prime factors of 315.
3, 5, 7
List the prime factors of 2928.
2, 3, 61
What are the prime factors of 680?
2, 5, 17
List the prime factors of 1603.
7, 229
What are the prime factors of 17980?
2, 5, 29, 31
List the prime factors of 1683.
3, 11, 17
What are the prime factors of 848?
2, 53
What are the prime factors of 1438?
2, 719
List the prime factors of 9571.
17, 563
List the prime factors of 8094.
2, 3, 19, 71
List the prime factors of 39616.
2, 619
What are the prime factors of 25490?
2, 5, 2549
List the prime factors of 729.
3
What are the prime factors of 8166?
2, 3, 1361
What are the prime factors of 33365?
5, 6673
What are the prime factors of 535?
5, 107
List the prime factors of 2750.
2, 5, 11
What are the prime factors of 104?
2, 13
What are the prime factors of 10676?
2, 17, 157
List the prime factors of 14799.
3, 4933
List the prime factors of 13475.
5, 7, 11
List the prime factors of 6406.
2, 3203
List the prime factors of 1501.
19, 79
List the prime factors of 3587.
17, 211
List the prime factors of 2642.
2, 1321
What are the prime factors of 625?
5
What are the prime factors of 6386?
2, 31, 103
List the prime factors of 11730.
2, 3, 5, 17, 23
What are the prime factors of 965?
5, 193
List the prime factors of 4631.
11, 421
List the prime factors of 11178.
2, 3, 23
List the prime factors of 2603.
19, 137
What are the prime factors of 566?
2, 283
What are the prime factors of 10832?
2, 677
What are the prime factors of 6044?
2, 1511
What are the prime factors of 141514?
2, 173, 409
List the prime factors of 3962.
2, 7, 283
List the prime factors of 8376.
2, 3, 349
List the prime factors of 2445.
3, 5, 163
List the prime factors of 4798.
2, 2399
List the prime factors of 2420.
2, 5, 11
What are the prime factors of 38667?
3, 12889
What are the prime factors of 15957?
3, 197
What are the prime factors of 1069?
1069
List the prime factors of 43943.
43943
What are the prime factors of 354?
2, 3, 59
List the prime factors of 1596.
2, 3, 7, 19
What are the prime factors of 1916?
2, 479
List the prime factors of 26208.
2, 3, 7, 13
List the prime factors of 4541.
19, 239
What are the prime factors of 132256?
2, 4133
What are the prime factors of 1224?
2, 3, 17
List the prime factors of 433.
433
List the prime factors of 38597.
13, 2969
What are the prime factors of 4103?
11, 373
List the prime factors of 2576.
2, 7, 23
What are the prime factors of 24107?
24107
List the prime factors of 52914.
2, 3, 8819
What are the prime factors of 14548?
2, 3637
What are the prime factors of 1060?
2, 5, 53
List the prime factors of 2435.
5, 487
List the prime factors of 763.
7, 109
What are the prime factors of 910?
2, 5, 7, 13
What are the prime factors of 2489?
19, 131
What are the prime factors of 2939?
2939
List the prime factors of 46591.
46591
List the prime factors of 55384.
2, 7, 23, 43
What are the prime factors of 3630?
2, 3, 5, 11
List the prime factors of 2391.
3, 797
What are the prime factors of 38360?
2, 5, 7, 137
List the prime factors of 43067.
43067
List the prime factors of 24084.
2, 3, 223
What are the prime factors of 5176?
2, 647
What are the prime factors of 236?
2, 59
What are the prime factors of 40328?
2, 71
What are the prime factors of 841?
29
What are the prime factors of 1453?
1453
What are the prime factors of 1879?
1879
What are the prime factors of 98638?
2, 149, 331
What are the prime factors of 4685?
5, 937
What are the prime factors of 10303?
10303
What are the prime factors of 1670?
2, 5, 167
List the prime factors of 1092.
2, 3, 7, 13
List the prime factors of 31940.
2, 5, 1597
List the prime factors of 1526.
2, 7, 109
What are the prime factors of 3964?
2, 991
What are the prime factors of 3273?
3, 1091
What are the prime factors of 5375?
5, 43
What are the prime factors of 163833?
3, 97, 563
List the prime factors of 2280.
2, 3, 5, 19
What are the prime factors of 14737?
14737
What are the prime factors of 980?
2, 5, 7
List the prime factors of 23929.
23929
What are the prime factors of 20567?
131, 157
List the prime factors of 6794.
2, 43, 79
What are the prime factors of 18600?
2, 3, 5, 31
What are the prime factors of 14776?
2, 1847
What are the prime factors of 4422?
2, 3, 11, 67
What are the prime factors of 2276?
2, 569
List the prime factors of 622.
2, 311
List the prime factors of 27711.
3, 3079
What are the prime factors of 547?
547
List the prime factors of 13374.
2, 3, 743
List the prime factors of 39697.
7, 53, 107
List the prime factors of 5000.
2, 5
What are the prime factors of 3879?
3, 431
What are the prime factors of 62063?
53, 1171
What are the prime factors of 1373?
1373
List the prime factors of 454.
2, 227
What are the prime factors of 1630?
2, 5, 163
List the prime factors of 1997.
1997
List the prime factors of 5467.
7, 11, 71
What are the prime factors of 22758?
2, 3, 3793
What are the prime factors of 46151?
7, 19, 347
What are the prime factors of 32935?
5, 7, 941
List the prime factors of 1773.
3, 197
List the prime factors of 1455.
3, 5, 97
What are the prime factors of 30937?
30937
List the prime factors of 657.
3, 73
What are the prime factors of 1528?
2, 191
What are the prime factors of 2926?
2, 7, 11, 19
What are the prime factors of 2691?
3, 13, 23
What are the prime factors of 2507?
23, 109
What are the prime factors of 2158?
2, 13, 83
List the prime factors of 1094.
2, 547
What are the prime factors of 15665?
5, 13, 241
What are the prime factors of 4436?
2, 1109
List the prime factors of 11474.
2, 5737
What are the prime factors of 3245?
5, 11, 59
List the prime factors of 123.
3, 41
What are the prime factors of 21776?
2, 1361
List the prime factors of 142133.
89, 1597
What are the prime factors of 3437?
7, 491
List the prime factors of 4813.
4813
What are the prime factors of 95293?
11, 8663
What are the prime factors of 19977?
3, 6659
What are the prime factors of 871?
13, 67
List the prime factors of 745.
5, 149
List the prime factors of 25449.
3, 17, 499
What are the prime factors of 3512?
2, 439
What are the prime factors of 801?
3, 89
List the prime factors of 872.
2, 109
List the prime factors of 56784.
2, 3, 7, 13
List the prime factors of 10110.
2, 3, 5, 337
List the prime factors of 12086.
2, 6043
List the prime factors of 727.
727
What are the prime factors of 663?
3, 13, 17
List the prime factors of 402.
2, 3, 67
What are the prime factors of 1129?
1129
List the prime factors of 9737.
7, 13, 107
List the prime factors of 4261.
4261
What are the prime factors of 11714?
2, 5857
What are the prime factors of 3641?
11, 331
What are the prime factors of 88020?
2, 3, 5, 163
List the prime factors of 65154.
2, 3, 10859
List the prime factors of 190.
2, 5, 19
What are the prime factors of 52754?
2, 13, 2029
List the prime factors of 129464.
2, 16183
What are the prime factors of 2778?
2, 3, 463
What are the prime factors of 4952?
2, 619
List the prime factors of 130.
2, 5, 13
What are the prime factors of 1590?
2, 3, 5, 53
List the prime factors of 5651.
5651
List the prime factors of 6534.
2, 3, 11
W